s + 304 = -24*s. List the prime factors of s.
2, 19
Let r(g) be the first derivative of g**3/3 + g + 1. Let i be r(-2). Suppose -16 = -i*c + 39. What are the prime factors of c?
11
Let l = -838 - -1173. List the prime factors of l.
5, 67
Suppose 2*g - 6*g + 77 = x, 3*x - 5*g = 163. List the prime factors of x.
61
Let v be (-6)/3 - 10/(-2). Let j be (v*-2)/(10/15). What are the prime factors of (4 + j)/((-2)/6)?
3, 5
Let a(y) = -23*y + 2. Let d be a(-2). Suppose d = 4*h + 4*o, o + 12 = h - 3*o. List the prime factors of h.
2, 3
Let j be 8/(-12)*(-19 - -1). Let b be 0/((-10)/15*3). Let n = j - b. List the prime factors of n.
2, 3
Suppose 0*r - 10 = -r. List the prime factors of r.
2, 5
Let y be (-248)/(-18) - 4/(-18). Let k = 31 - y. Let j = -7 + k. What are the prime factors of j?
2, 5
Let r be 2/(-11) - (-86)/(-11). Let l = -9 - r. What are the prime factors of 9*(-1)/3*l?
3
Let w be (-1432)/(-24) - (-1)/3. Suppose 0 = 3*v + 6 - w. What are the prime factors of v?
2, 3
List the prime factors of 14/77 - (-753)/33.
23
Suppose 7*s + 10 = 2*s. Let h be 1/(s*(-2)/96). Suppose -3*i + h = i. List the prime factors of i.
2, 3
Let j = -2 - -4. Suppose -3*z - 2 + 5 = 0, j*k - 9 = -z. List the prime factors of k.
2
Let x be (-4)/(-22) + 878/11. Let c = x - 34. List the prime factors of c/6 + (-2)/(-6).
2
Suppose 0*k - 150 = -5*k. What are the prime factors of k?
2, 3, 5
Suppose 0 = -4*u + 28. Let c = u - -4. What are the prime factors of c?
11
Suppose 5*x = 4*l + 4, 0*x = 3*l - 2*x - 4. Suppose -l*c = -c + 12. List the prime factors of 2/c*-4 + 4.
2, 3
Suppose -5*c + 5*h = -10, -h + 5 = -5*c + 23. What are the prime factors of c?
2
Let c = -6 - -10. List the prime factors of c.
2
Suppose 5*v = -5*i + 85, -8 - 42 = -5*v + 2*i. Suppose -11 = 2*w - 5*y, 0*w - y = -w - 1. Suppose 8 = w*n - v. List the prime factors of n.
2, 5
Suppose -3*h = -h + 2*o + 10, 2*o = 0. Let u = 14 + h. List the prime factors of u.
3
Let t be (-2970)/(-40) - (-1)/(-4). List the prime factors of t/3 + (-6)/9.
2, 3
Let m(z) = -5*z - 3*z - 4*z + 1. List the prime factors of m(-1).
13
Let d(b) = b**3 - 7*b**2 + 6*b + 2. Let y be d(6). Let o(i) = 5*i + 0 - i + 0 + 2. What are the prime factors of o(y)?
2, 5
Suppose 0 = -c + 1 - 49. Let g = c + 68. List the prime factors of g.
2, 5
Let f(v) be the first derivative of v**3/3 + 3*v**2/2 - 7*v - 2. Let t be f(-5). Suppose r - 7 = -t. List the prime factors of r.
2
Suppose -8*q - 24 = -14*q. What are the prime factors of q?
2
Let m(i) = -4*i - 5. Let n be (-11)/3 + 1/(-3). What are the prime factors of m(n)?
11
Let x = -41 + 77. Suppose -5*o + 7 + 8 = 3*z, -3*o + z = -23. Suppose 3*b - o*b = -x. What are the prime factors of b?
2, 3
Suppose 3*d = 7*d - 52. Suppose 2*v = -2*l - l + 2, 3*l + d = -5*v. What are the prime factors of l?
2
Suppose -2*y + 3*d = 9, 2*d = -3*y - 2*d - 22. What are the prime factors of 9 - 3*(-2)/y?
2
Let z = 3 + -4. Let c = 3 + z. List the prime factors of c/(-5) - (-37)/5.
7
Let o = 115 + -54. What are the prime factors of o?
61
Let h = -42 - -64. What are the prime factors of h?
2, 11
Let j be 2/(-5) - (-217)/5. Let u = -61 + j. List the prime factors of u*(2/4 - 1).
3
Let c(w) = w**2 + 5*w + 4. Suppose 0 = 2*r + 2*r + h + 17, -3*h = 2*r + 1. List the prime factors of c(r).
2
Let g = 7 - 6. List the prime factors of ((-6)/(-12))/(g/58).
29
Let j(z) = z**2 - z - 2*z - 4 + 7*z - 2*z**2. Let r be j(5). What are the prime factors of 66/r*3/(-2)?
11
Let f(y) = y**3 + y**2 - y. Let n(l) = -2*l**3 - 3*l**2 + l - 2. Let z(o) = -4*f(o) - n(o). Suppose 3*c + 4 = c. List the prime factors of z(c).
2
Let r(h) = -7*h + 4. What are the prime factors of r(-14)?
2, 3, 17
Let z = -3 + 9. Suppose 3*a = z*a - 33. List the prime factors of (a/(-2))/(3/(-6)).
11
Let s(c) = 5*c**2 + 4*c + 5. What are the prime factors of s(3)?
2, 31
Let n(m) = 45*m - 3. What are the prime factors of n(2)?
3, 29
Let h = 0 + 5. Let b = -35 - -35. Suppose 0 = -b*g + h*g - 60. List the prime factors of g.
2, 3
Let s = 5 + 20. Let g = s - 18. List the prime factors of g.
7
Suppose -b + 2 = -0*b. List the prime factors of b*2/(-4)*-3.
3
Suppose 0 = -r + 3*r - 12. Suppose -y - r = -f, -4*f - 3*y - 2*y = -6. What are the prime factors of f?
2
Let d be (-40)/(-18) + 12/(-54). Suppose 6 + d = -s + 2*x, -4*s - 17 = -5*x. Suppose s*j + h - 6 = 0, 0*j + 4*h = 4*j. List the prime factors of j.
2
Suppose 4*i - 230 = -2*h - 0*i, -5*h + i = -597. What are the prime factors of h?
7, 17
Suppose 9*r - 4*r = 0. Suppose -3*s + 4*s - 29 = r. List the prime factors of s.
29
Suppose 19 = -5*y - 36. Let g(r) = -5*r**2 - 7*r**2 + 10*r - 3 - r**3 + 2*r**2. List the prime factors of g(y).
2
Let t = -9 - -15. Suppose 0*p = 2*p - t. Suppose -w - 3*g = 6, -w - p*w + 41 = -g. What are the prime factors of w?
3
Let m = 149 - 106. Let p = -25 + m. List the prime factors of p.
2, 3
Let k be 2/(-9) + 80/36. Suppose k*t - 69 = -t. What are the prime factors of t?
23
Let d(i) = -17*i - 52. What are the prime factors of d(-16)?
2, 5, 11
Let m(p) = 2*p**3 + p**2. Let l be m(1). Suppose 3*v - 2*v = 5*a - 303, -177 = -l*a - v. Suppose -5*g = -5*d + a, 0 - 2 = g. What are the prime factors of d?
2, 5
Suppose r = 6*r - 55. Let p be (-3)/(-4) + r/(-4). What are the prime factors of (28/21)/(p/(-6))?
2
Let k = -108 - -157. What are the prime factors of k?
7
Suppose 32 = -2*p + 232. Suppose -p = -5*u - 5. What are the prime factors of u?
19
Let f be (-2)/9 + 792/(-81). List the prime factors of f/3*(-42)/35.
2
Let c(i) = 3 + 15*i + 0 - 9 - i**2 - 9. What are the prime factors of c(10)?
5, 7
Let k(h) = -h**3 + 14*h**2 + 17*h - 7. Suppose -2*w + r + 28 = 0, -3*r = 2*w - 12 - 24. What are the prime factors of k(w)?
23
Suppose -12 = d - 196. List the prime factors of d.
2, 23
List the prime factors of 4/(3/(60/8)).
2, 5
Let d = 49 - 26. List the prime factors of d.
23
Let u = -13 + 29. List the prime factors of u.
2
Let c(b) = b**2 + 0*b**2 + 3*b**3 + 0*b**2 + 9*b. Let k(f) = f**3 + f**2 + 4*f. Let n(u) = 2*c(u) - 5*k(u). List the prime factors of n(4).
2
Let i(d) = -2*d**2 - d + 3. Let b be i(3). Suppose 2*m + m = -6. Let s = m - b. What are the prime factors of s?
2
Let o(q) = -8*q**2 - q**3 + 1 - 7*q + 0*q**3 + 0*q**3. Let c be o(-7). What are the prime factors of c - -11 - (1 + 1)?
2, 5
Suppose u = 2 - 0. Suppose -5*r - 4*a + 12 = 0, 5*r - u*a + 2 = 26. Suppose 6 + 6 = r*x. List the prime factors of x.
3
Suppose 0*p - 256 = -4*p. What are the prime factors of p?
2
What are the prime factors of (14/6)/(2/18)?
3, 7
Let o(n) = n**2 - 4*n + 3. Let t be o(4). Let d(y) = 3*y + 6*y**2 - y**t - 5 - 6*y + y. List the prime factors of d(5).
2, 5
What are the prime factors of ((-36)/10 + 3)*-15?
3
Let b(s) = s**2 - 3*s - 4. Let r be b(3). List the prime factors of r + 5 + (29 - -4).
2, 17
Let x be ((-4)/3)/((-6)/9). List the prime factors of -2 + 2/x - -13.
2, 3
What are the prime factors of 16/(-7) - -2 - 3132/(-84)?
37
Let k be (1 - -18) + 0 - 1. Suppose -3*j = -3*c - j + k, c - 6 = -4*j. List the prime factors of c.
2, 3
What are the prime factors of (-3 - -1)*33/(-6)?
11
Let a(t) = t**2 - 3*t - 2. Let w be a(2). Let k = 5 - 5. Let q = k - w. What are the prime factors of q?
2
Let k(q) be the third derivative of q**5/60 + q**4/24 - 5*q**3/6 + 4*q**2. Let i be k(-4). Let r = i + 6. What are the prime factors of r?
13
Let y(w) = -w + 5. Suppose 12 = 5*v - 2*v. Let t be y(v). Suppose -29 - t = -3*c. List the prime factors of c.
2, 5
Let u(i) = 7*i**2 + i**3 - 6 + 2*i**2 - 3*i**2. List the prime factors of u(-5).
19
Let z(w) = -w - 6. Let h be z(-5). Let k = h - -6. What are the prime factors of k?
5
Let p(d) = 7*d**2 - 10*d + 4. Let t(w) = -6*w**2 + 9*w - 3. Let a(o) = -5*p(o) - 6*t(o). What are the prime factors of a(6)?
2, 5
Let g be 0/((-2*3)/(-3)). Suppose 0 = 3*n - g*n - 15. What are the prime factors of n?
5
List the prime factors of -6 + 3 - (-18 - -1).
2, 7
Let s(v) = v**3 - 4*v**2 - 7*v + 6. Let u be s(6). Suppose -5*r = -r - u. Suppose -23 = -4*k - 3*w, -3*k + r = 2*w - 9. List the prime factors of k.
2
Suppose -f + 18 = 2*b, -8*f - 3*b + 118 = -3*f. What are the prime factors of f?
2, 13
Let i(c) = 6*c + 0*c - 6*c**2 + c**2 + 4*c**2 - 1. Let q = 15 - 10. List the prime factors of i(q).
2
Let v(n